 873*r. Determine h(7).
-12
Let k = -55 - -55. Suppose k = -5*y - 4*n - 0*n + 16, 5*n - 20 = 4*y. Let g(l) = y - l**2 - 3 + 6*l - 3*l. What is g(4)?
-7
Let q(p) = p**3 + 5*p**2 - 5*p + 11. Let z = -2078 + 2072. Calculate q(z).
5
Let v = 73 - 66. Suppose 16 = 2*h - 4*n + 2, 3*n - v = -h. Let o(l) = 5*l - 54*l**2 + 53*l**2 + 0*l + h. Determine o(5).
7
Let y(c) = -16*c + 11*c - 5 + 9 + 6. Calculate y(0).
10
Let k(a) = 59*a**3 + 16*a**2 - 174*a**3 + 60*a**3 + 11*a + 13 + 4*a + 57*a**3. Calculate k(-7).
6
Let i(k) be the second derivative of 1/3*k**3 + 0 + 3/2*k**2 - 384*k. Suppose 0 = -2*q - 4. Determine i(q).
-1
Let j be -1*(-10 + 7) + 919. Let g(t) = -455*t - 458*t + 3 + j*t. Give g(-3).
-24
Let h(s) be the first derivative of s**2/2 - 4*s - 1. Let o = 19698 - 19689. What is h(o)?
5
Let v(u) = -3*u**2 - 39*u - 22*u - 4 + 5*u**2 - 41*u + 74*u. Determine v(14).
-4
Let z(k) = -k**3 + 5*k**2 + 6*k - 1. Let d(c) = -2*c**2 - 48*c + 109. Let r be d(2). Calculate z(r).
29
Let f(d) = 5*d**2 + 50*d + 97. Let n be f(-7). Let z(w) = -w**2 - 2*w + 10. Calculate z(n).
-38
Let p = -535 - -528. Let u(m) = m**3 - 16*m**2 - 16*m + 2. Let i(h) = -2*h**3 + 30*h**2 + 31*h - 5. Let g(r) = p*u(r) - 4*i(r). Give g(9).
-21
Let f(g) be the second derivative of -1/3*g**3 + 18*g - 1/2*g**2 + 1/12*g**4 + 4. Calculate f(-1).
2
Let b be (-6)/4*176/(-132). Let u(f) = -4 + 18*f + f**3 - 16*f - b*f**2 - 3*f**3. Suppose l = 2*l + 3. What is u(l)?
26
Let g(h) = 21*h - 743 - 13*h**2 + 263 - h**3 + 247 + 261. Determine g(-14).
-70
Let q(u) = -3*u**2 - 8*u + 20. Suppose -13 = 2*z - k, 5*k = z + 275 - 255. Calculate q(z).
-15
Let d(o) be the third derivative of -o**6/60 + o**5/30 - 10451*o**2. Determine d(2).
-8
Let k(m) = 2*m**2 - 3*m - 1. Let u be -2 + (-184)/(8/(-2)). Let x = u + -30. Suppose -x*l - 12 = -18*l. Calculate k(l).
8
Let a(c) = -c**3 - 7*c**2 + 8*c. Suppose -5*l = 0, 5*b - 3*l = -313 + 933. Suppose 84 = 5*k + b. Calculate a(k).
0
Let r be (6/1)/(-3) - 4. Let s be (-37)/r - 4/24. Suppose c - 3 = -s. Let g(i) = 2*i**3 + 4*i**2 + 4. What is g(c)?
-14
Suppose 2*s + k - 8 = 17, 5*s = -2*k + 60. Suppose 0 = -2*x + 2, 3*d = -3*x - x + s. Suppose 0 = -0*w + d*w - 12. Let i(n) = n**3 - 6*n**2 + 3*n + 4. Give i(w).
22
Let o be (-10 - -18)/8*(-10)/(-4). Let x(v) be the second derivative of 1/6*v**3 - 1/12*v**4 - o*v**2 + 0 + 9*v. What is x(0)?
-5
Suppose 0 = -4*g + 4*j - 8 - 8, 4*g = -4*j. Let v = g - -13. Let z(h) = h - 13. Give z(v).
-2
Let o(z) = 2*z + 1 - z + 3. Let x(d) = -d**2 + 11*d + 4. Let c(k) = -3*k**2 + 21*k + 7. Let s(m) = -2*c(m) + 5*x(m). Let q be s(-12). What is o(q)?
-2
Let y(n) = -11*n**2 - 15*n + 30. Let p(u) = 4*u**2 + 5*u - 10. Let b(f) = 8*p(f) + 3*y(f). Suppose 2*x + 22 = -4*g + 7*g, -3*x + 5*g = 34. Calculate b(x).
-14
Let g be -6*(-2 + 12/8). Let p(r) be the third derivative of 1/2*r**3 + 1/24*r**4 + 0*r + 0 - 1/60*r**5 - 28*r**2. What is p(g)?
-3
Let q(d) = -d**3 - d**2 + 4*d. Let j be q(-3). Let w(f) = 13*f**2 + 5*f + 5. Let b(r) = -14*r**2 - 6. Let o(h) = -b(h) - w(h). Determine o(j).
7
Let f(t) be the second derivative of -t**4/12 + 10*t**3/3 + 57*t**2/2 - t + 271. Give f(23).
-12
Let g(x) = 8*x**3 + 22*x**2 + 3*x + 15. Let w(h) = -6*h**3 - 17*h**2 - 2*h - 13. Let t(i) = -4*g(i) - 5*w(i). Determine t(2).
-27
Suppose 0 = 4*c - 918 + 898. Let f(s) = 8*s**2 - 30*s - 10. Determine f(c).
40
Let c(i) be the third derivative of -i**6/120 - i**5/12 + 5*i**3/6 + 7*i**2. Let w = -3442 + 3437. Give c(w).
5
Let f be 90/(-4 - -7)*-1. Let v be 30/(-25)*f/18. Let z(c) = 3*c**2 - 4*c + 2. Give z(v).
6
Let m be (374/(-51))/(2/153). Let k = m + 559. Let n(b) = -b + 4. Give n(k).
6
Let f be 3/(-3 + -4 + 10). Let l(k) = -35*k - 4 + f - 4 + 34*k. Let y be 1/(4/(-18))*(-104)/(-78). Determine l(y).
-1
Let q(g) be the first derivative of g**4/4 + 8*g**3/3 + 5*g + 23. Let j be q(-8). Let x(s) = -3*s - 59 + 2*s + s**2 + 52. Calculate x(j).
13
Let m(s) = s - 2. Let y = 20 + 185. Let g = y - 201. What is m(g)?
2
Let y(a) be the second derivative of -a**5/20 + 2*a**4/3 + a**3/6 - 3*a**2/2 - 12*a. Let o be 3/(-18) - 5/30*-49. Give y(o).
5
Let m = 1 + 10. Suppose 59 = 3*l + m. Let p(z) = -1 - 2 - l*z + 18*z. Determine p(-3).
-9
Suppose 24 = 4*z + 4*p, p + 14 = -5*z + 8*z. Suppose 2*a + 4 = -5*o, z*a + o = -o + 32. Suppose 13*v - a*v + 25 = 0. Let h(w) = w + 5. Calculate h(v).
0
Let h(v) = -v + 10. Let z(k) be the first derivative of k**3/3 + 8*k**2 + 7*k - 16. Let q be z(0). What is h(q)?
3
Let s = -132 - -135. Let f(z) = 3*z**3 - 5*z**2 + 3*z - 7*z**3 + 5*z**s + 28 - 25. Determine f(4).
-1
Let t(c) = -7 - 4293*c + 2145*c + 7 - 5 + 2153*c. Let r(u) = -2*u**3 - u**2 + 1. Let n be r(-1). Let s be (-4)/(n/(4/(-2))). What is t(s)?
15
Let z(g) = -3*g**2 + 9*g + 15. Let s(k) = -2*k**2 + 4*k + 8. Let j = -19 - -24. Let f(l) = j*s(l) - 3*z(l). Let n = -111 + 107. What is f(n)?
7
Suppose -3*q - 29 = -11. Let j(y) = y**2 + 12*y + 31. Let r be j(q). Let z(p) = -p**2 - 7*p. Calculate z(r).
10
Let y = -168 - -180. Let n(v) = v**3 - 13*v**2 + 18*v - 12. Let d(f) = -f + 1. Let a(p) = 6*d(p) + n(p). Determine a(y).
-6
Let z(c) be the second derivative of 2*c**3/3 - 27*c**2/2 + 3*c + 39. What is z(4)?
-11
Let p(t) = t**3 + 4*t**2 + 4*t + 3. Let a = 6 + -4. Let o be a/(-6) + 17/(-3). Let x = -9 - o. Determine p(x).
0
Let y(u) = -28*u + 59. Let n(r) = 48*r - 122. Let q(o) = -6*n(o) - 11*y(o). Calculate q(-4).
3
Let c(t) = -6*t - 131. Let i(y) = -37*y - 801. Let v(k) = -25*c(k) + 4*i(k). What is v(-31)?
9
Let v(b) = -50*b + 72 - 73 + 72*b. Calculate v(1).
21
Let d(b) = -16*b + 648. Let i(w) = -2*w + 93. Let g(a) = -d(a) + 6*i(a). Give g(27).
18
Let q be (-30)/(-9)*((-2)/4 + 2). Suppose 5*m - 4*m + y = -19, 0 = -3*m + q*y - 57. Let t = 20 + m. Let v(w) = -w**3 - w**2 + 1. Determine v(t).
-1
Let y(i) be the third derivative of 17/6*i**3 + 88 - 5/12*i**4 + 1/60*i**5 + 0*i - 2*i**2. What is y(8)?
1
Let h(j) be the third derivative of j**5/60 + j**4/24 - j**3/6 + j**2 - 529*j. What is h(1)?
1
Let v(q) = -20*q - q**2 - 22 + 6 - q**2. Let j = 11654 - 11663. What is v(j)?
2
Let h(n) = 2*n**3 - 126*n**2 - 129*n**2 + 375*n**2 - 133*n**2 - n**3 + 15 - 30*n. Calculate h(15).
15
Let g(x) be the first derivative of x**3/6 + 3*x**2/2 - 113*x + 107. Let d(t) be the first derivative of g(t). Calculate d(-3).
0
Let t(j) = 14*j - 2. Let l(v) = -14*v + 3. Let m(n) = 2*l(n) + 3*t(n). Suppose -33*c + 195 = -3. Suppose 2*w - b + 0 = 6, -2*w - c = 2*b. Determine m(w).
14
Let k(h) = -61*h + h**2 + 8*h + 11 + 9*h + 38*h. What is k(8)?
27
Suppose 5*b = 3*s + 77, -3*b = b + 8. Let g = s - -36. Let q be ((-1)/(-2))/(g/(-70)). Let r(c) = -c**2 - 7*c. Calculate r(q).
10
Let s(x) = 6*x**2 + 5*x + 5. Suppose -i - 6 = -2*q, 0*q = -i - 5*q + 8. Determine s(i).
19
Let w be 6*90/27 - 4. Let k(q) = q**3 - 17*q**2 + 11*q + 7. Determine k(w).
-73
Let n(v) be the third derivative of -17*v**4/6 + 34*v**3 - 1962*v**2. Determine n(3).
0
Let v = 2011 - 2004. Let n(x) = -10*x + 64. Calculate n(v).
-6
Let f(d) = d**3 - 10*d**2 + 5. Suppose -5*o = 5, i = -i + o + 11. Let k(c) = c + 45. Let l be k(i). Suppose 11*v + l = 16*v. Determine f(v).
5
Let o(y) = -2*y - 129*y**2 - 3*y + 53*y**2 + 1 + 3*y + 81*y**2. Determine o(2).
17
Let h be ((-10)/(-16))/(2145/20592). Let r(p) = 15*p - 22. Give r(h).
68
Let q(m) = 2*m**2 + 3*m. Let p = 1 + 14. Let f(c) = 2*c - 29. Let o be f(p). Let u be (-1)/((-6)/(-4) - o). Determine q(u).
2
Let c be ((-1)/2)/(7/(-42)). Let q(l) = -2 - 3 + 5*l**2 + 4*l**3 - c*l**3. Suppose -3*z + 12 = 0, 0*z + 4*z = -2*f + 6. Determine q(f).
-5
Let a(y) = 24*y**2 + 2*y + 4. Let c(w) = 11*w**2 + w + 2. Let j be (-700)/60 - (-4)/6 - -5. Let h(i) = j*a(i) + 13*c(i). Determine h(3).
-4
Suppose 0 = 4*k - 0 + 8, 2*n = k - 76. Let v be 4/6 + (-52)/n. Suppose -4 = z - 4*h, 5*z - v*z - 2*h + 12 = 0. Let g(y) = y + 4. Give g(z).
0
Suppose 18 = 2*b + 2*y, 2*b + 3*y = -0*b + 22. Suppose -c - 14 = -i - 16, -c = i - 6. Let a(j) = -j**2 + 0 - i + 3*j**2 - 5*j - 2 - j**2. What is a(b)?
-4
Let x(m) = -3*m - 4. Let c be 271/2 - 1/2. Let i = c + -140. What is x(i)?
11
Let l(q) be the second derivative of -8*q**3/3 + 181*q**2 + 1258*q. Give l(23).
-6
Let s(d) = -2*d - 9. Suppose 3*g = 467 - 5. Let l = -314 + g. Let c be ((-2)/5)/((-8)/l). Calculate s(c)